 25 and k?
25
Suppose 5*v = 199 + 21. What is the highest common factor of v and 11?
11
Suppose -b = 0, 3*a - 18 = -6*b + b. Calculate the highest common divisor of a and 48.
6
Let g be 494/13 - 2*-2. Let d be (3/2)/(1/14). What is the highest common divisor of g and d?
21
Suppose -1 = 3*i - 46. Let q be (4/5)/((-3)/i). Let v be (-45)/(-3) + q/(-2). Calculate the greatest common divisor of v and 153.
17
Let b(u) = u**2 + 2*u. Let o be b(-4). Let k = 11 - 8. Suppose 3*g - 4*l = -2*l + 270, k*l = 5*g - 449. Calculate the highest common divisor of g and o.
8
Let s be -1 + (58 - 0) - 0. Suppose -s = -2*r + 3. Suppose 0 = 4*h - 5*h + 15. What is the greatest common factor of r and h?
15
Suppose -4*i - 3*r + 0*r = -46, 5*i - 42 = 4*r. Let d be -2 + 2 + 6/3. What is the greatest common divisor of d and i?
2
Let f(l) = l**3 - 13*l**2 - 2*l + 16. Let b be f(13). Let y = b + 21. Calculate the greatest common factor of 1 and y.
1
Suppose 11*c - 6*c = 30. Calculate the highest common divisor of c and 18.
6
Suppose 0 = -4*a + 5*a - 8. Let v be -4 - (12 - 4)/4. Let i = v + 26. Calculate the highest common factor of a and i.
4
Suppose 4*y - 2*y = 0. Let q be 3 + y + -1 - -74. What is the highest common divisor of 19 and q?
19
Let v(w) = w**3 + 35. Let z be v(0). Let f be ((-52)/(-8))/(4/8). Let o = 27 - f. What is the highest common divisor of o and z?
7
Let d be (-16)/(-4) - (-4 + -25). What is the greatest common divisor of d and 11?
11
Let m = 0 - 4. Let h(w) = w**3 - 6*w**2 + 7*w. Let d be h(5). Let j = m + d. What is the greatest common factor of j and 12?
6
Let a(s) = -4 + 28*s**2 + 1 + 2 - 5*s**2. Let z be a(-2). Let t(r) = 2*r**3 - 3*r + 3. Let v be t(2). What is the greatest common factor of z and v?
13
Suppose -4*j + 308 = -236. Suppose -180 = -5*d - 5*s, -3*d = -s - j + 16. Let p = -3 + d. Calculate the highest common factor of 12 and p.
12
Let h = 581 + -565. Suppose -5*m + 217 - 777 = 0. Let d be m/(-2)*36/14. Calculate the highest common divisor of h and d.
16
Suppose q = 2*q - h + 17, -2*q + h = 38. Let f = 1 + -8. Let y be ((-4)/f)/((-6)/q). What is the highest common divisor of y and 16?
2
Suppose -5*m = -1874 + 719. What is the greatest common divisor of 21 and m?
21
Let o be (30/12 + -3)/(2/(-84)). Let h be (0 + 6)/(4/10). Suppose 2*t = -3*t + h. What is the highest common divisor of t and o?
3
Let x be -7*((-10)/(-5) - 3). What is the greatest common divisor of 28 and x?
7
Let k = 2 - -1. Let y(b) = b**3 + 4*b + 7*b**2 - 7 + 0*b**k + 0*b**2. Let v be y(-6). Calculate the highest common factor of v and 2.
1
Suppose 0 = 3*f - 62 - 154. Let p = f + -48. Let y = p + -15. What is the highest common factor of y and 3?
3
Let u be -12*((-8)/(-4))/(-2). Calculate the greatest common divisor of u and 12.
12
Let q(p) = 3*p**3 + 3*p**2 - 3. Let g(l) = l**3 + l**2 - 1. Let h(f) = 5*g(f) - 2*q(f). Let r be h(-2). Calculate the highest common divisor of r and 5.
5
Let n be 38/3 + (-2)/3. Let y = -20 + 28. What is the highest common divisor of n and y?
4
Let t(d) = 3*d + 1. Let j be t(1). Suppose 3*i = -2*m - 0*i + 236, j*i = 2*m - 208. What is the greatest common divisor of m and 16?
16
Suppose 0 = 4*f + 4*o - 36, -3*f - o + 45 = 8. Let k = f - 9. Suppose v + 5 = 2*r, 0 - 5 = -5*r + k*v. Calculate the highest common factor of 4 and r.
4
Suppose k = 124 - 32. Calculate the highest common factor of 4 and k.
4
Suppose 33 = 6*v - 5*v. Let k be (-5 + 2)/1 + v. Calculate the highest common divisor of k and 15.
15
Suppose 4*y + 60 = 6*y. What is the greatest common factor of y and 12?
6
Let y = 13 + -5. What is the highest common divisor of y and 24?
8
Suppose -9 + 1 = -4*f. Suppose -d = -f*h - 1 - 2, -d + h = -2. Let u be 58/8 - 2/8. What is the highest common divisor of d and u?
1
Let k(x) = 2*x**2 - 3 + x + 0*x - x**2 - 3*x. Let h be k(4). Suppose 5*t + l = 398, -4*l + 249 + 143 = h*t. Calculate the greatest common factor of t and 10.
10
Let x = 5 + -1. Calculate the highest common divisor of 44 and x.
4
Suppose 5 + 5 = -5*w, 3*w + 17 = y. What is the greatest common factor of y and 22?
11
Let t(a) = a**2 + 5*a + 6. Let b be t(-4). Suppose 0*u + 8 = 5*u + k, -3*u + 10 = -2*k. What is the highest common divisor of u and b?
2
Let b = -93 - -111. Let i(j) = -3*j + 3. Let v be i(-5). What is the greatest common factor of b and v?
18
Suppose x = -5 + 3. Let a be 15 + (x/1 - -2). What is the greatest common divisor of 15 and a?
15
Let w = 82 - -6. Calculate the highest common divisor of w and 220.
44
Let k = 41 + -40. What is the highest common factor of 17 and k?
1
Let m = 15 - -25. Suppose -5*i + 2*g + 12 = 0, -m = -5*i - 5*g - 0. Let h = 83 + -39. What is the greatest common factor of i and h?
4
Let v = 7 + -8. Let p be v/(-2) - 1/(-2). Let u be -2 + -1 + 11/p. What is the greatest common divisor of 56 and u?
8
Let s be 3 + -3*2/(-6). Suppose s*o - 496 + 172 = 0. What is the greatest common factor of 9 and o?
9
Suppose 2*q + 179 + 140 = 5*y, 0 = -4*y + 2*q + 256. What is the greatest common factor of y and 21?
21
Let s(r) = r. Let t be s(8). What is the greatest common factor of 56 and t?
8
Let z(c) = 2*c**2 + 3*c + 2. Let o be z(-2). Suppose s - o = 6. What is the highest common divisor of 10 and s?
10
Suppose -4*v - 4*s = -20, 2*v - 18 = -0*v - 4*s. What is the greatest common factor of 9 and v?
1
Let o = -3 - -13. Suppose 0*i - 9 = -i. Suppose -4*q + 2*d = -i*q + 2, 0 = -2*q + 5*d + 24. What is the highest common divisor of q and o?
2
Suppose -12*l + 357 = -75. Suppose 9 = 3*r, r + 0*r - 10 = v. Let g = v + 16. Calculate the highest common divisor of l and g.
9
Let k(i) = -i + 16. Let p be k(7). Suppose 2*d = 4*b - 14, p*b - 4*b - 30 = 5*d. What is the greatest common factor of b and 1?
1
Suppose 60 = 5*a + a. Calculate the highest common factor of a and 2.
2
Let b be (0 - (1 + -2))*13. Let c(z) = 2*z - 2. Let j be c(3). Let d be j/10*10*b. What is the greatest common divisor of 13 and d?
13
Let x(c) = c - 6. Let l be x(6). Let r(j) = l + 2 + 1 - 24*j. Let i be r(-4). Calculate the highest common divisor of 11 and i.
11
Suppose -12*o + 7*o + 20 = 0. Calculate the highest common divisor of 8 and o.
4
Let o(n) = -n + 6. Let i be o(3). What is the greatest common factor of 9 and i?
3
Let s = -27 + 33. What is the greatest common divisor of 18 and s?
6
Let z = -1 + 9. Let p = 6 + z. Calculate the highest common factor of 42 and p.
14
Let d(s) = -2*s**2 + s + 7. Let k be d(0). What is the highest common factor of 63 and k?
7
Let n be ((-42)/63)/(2/(-12)). What is the greatest common divisor of n and 2?
2
Let w = 36 - 32. What is the greatest common divisor of w and 1?
1
Suppose 2*x - 3*x + 72 = 0. Calculate the highest common divisor of x and 36.
36
Let u(x) = x**2 + 2*x - 7. Let c be u(-5). Suppose -h + c = 2*a, -3*h + 16 - 4 = 0. Suppose 25 + 1 = a*k. Calculate the greatest common factor of 13 and k.
13
Let l be 11 - (-2 - 2/2). Calculate the highest common divisor of 154 and l.
14
Let u = 41 + -24. Suppose 478 = w - 75. Suppose -4*k + w = 145. Calculate the highest common divisor of k and u.
17
Suppose 4*s = b + 5*s - 7, -5*b + s + 5 = 0. What is the greatest common divisor of b and 3?
1
Let x(h) = -3*h - 5. Let p = 13 + -18. Let v be x(p). What is the highest common factor of v and 4?
2
Let v = 19 - 6. What is the highest common factor of v and 65?
13
Suppose -3*q + 573 = -2*q - 3*b, 2*b - 2306 = -4*q. Let a be q/56 + 4/(-14). What is the highest common factor of 10 and a?
10
Let t(n) = 9 + 12*n + 4*n - 2*n. Let q be t(9). Calculate the highest common divisor of 15 and q.
15
Suppose -2*i = -3*i + g - 5, 0 = 3*i + 4*g + 36. Let o(w) = -w**2 - 8*w + 8. Let m be o(i). Calculate the highest common divisor of 88 and m.
8
Suppose 3*s = d + 195, -3 = -2*s - 9. Let z be (-1)/(2/d*2). Let u(p) = -p**3 + 5*p**2 + 7*p - 1. Let f be u(5). What is the highest common divisor of f and z?
17
Suppose 16 + 16 = 4*l. Let g be 122/10 + 9/(-45). Let u be g + (1 - (0 - -1)). What is the highest common divisor of u and l?
4
Suppose 12*w - 13*w = -24. Suppose 5*f - 2*d - 50 = 3*d, -5*d = 3*f + 2. What is the greatest common factor of f and w?
6
Suppose -3*s - j + 4 = 0, -j + 2*j + 17 = 4*s. Let y = -13 + 15. Let x be y/3 - (-133)/s. Calculate the greatest common factor of x an